 + 7. Let c = o - h. Let y(r) = -6*r + 1. Calculate y(c).
7
Let i(g) = g**3 - 12*g**2 + 9*g + 19. Let a be i(11). Let w(q) = 3*q + 3. Give w(a).
-6
Suppose 2*k + 3*u = 22, 4*u + 24 - 72 = -4*k. Suppose -2*g + k = 2. Let c(h) = -2*h - 3*h**2 + h - 3*h + g*h. What is c(2)?
-8
Let y be ((-20)/15)/((-1)/((-9)/(-6))). Let n(h) be the first derivative of -1 - 1/2*h**y + h. Give n(5).
-4
Suppose -2*t + 6*t + 3 = z, 0 = -4*z + 12. Let r(i) = 4 + i - 2*i + t*i. Let y(h) = h + 5. Let d be y(-9). What is r(d)?
8
Let q(n) be the first derivative of n**6/360 - n**4/8 - 2*n**3/3 + 3. Let r(j) be the third derivative of q(j). Calculate r(0).
-3
Suppose 0 = -5*k + 4*q - 15, -4*q + 5*q = -2*k + 7. Let g(c) be the third derivative of c**5/15 + c**4/24 - c**3/6 + 6*c**2. Determine g(k).
4
Let c(f) = -6*f + 2*f + 3*f - 1. Let d be c(-4). Let i(p) be the second derivative of p**5/20 - p**4/4 - p**3/6 - 3*p**2/2 + p. What is i(d)?
-6
Let c(b) = b**2 - b. Let w = 0 + 3. Determine c(w).
6
Let i(u) be the first derivative of 3*u**2 - 2*u - 6. Let q = -5 + 8. Calculate i(q).
16
Let x be (39/26)/(3/(-4)). Let j(v) = v**3 + 2*v**2 + 2*v - 1. Determine j(x).
-5
Let o(c) = -2*c - 9. Suppose -5*r = -2*y - 24, 22 - 4 = 4*r - y. Let m(g) = -5*g - 19. Let v(l) = r*m(l) - 9*o(l). Suppose 0*j + 15 = 3*j. Calculate v(j).
-5
Let r be 195/(-21) + (-2)/(-7). Let b(q) = 19*q - 2*q + 2 + 14. Let j(g) = 4*g + 4. Let v(y) = r*j(y) + 2*b(y). Calculate v(-3).
2
Let r be (-10)/(-55) + 92/(-22). Let t(z) = -3*z + 4*z**2 + 8*z + 3 + z**3 - 2*z. What is t(r)?
-9
Let h(c) = -c**2 + 3*c - 4. Let y(a) = -a. Let i(w) = -h(w) + y(w). Let b = -11 + 15. Suppose b*g - 29 + 9 = 0. Determine i(g).
9
Suppose 6*j = 4*j + 6. Let w(m) be the first derivative of 1/2*m**2 - 2*m - 1/4*m**4 - 5/3*m**j + 3. What is w(-5)?
-7
Let f(o) be the third derivative of -o**5/60 + 5*o**4/24 + 7*o**3/6 - o**2. Let n(t) = 6*t**3 - 1. Suppose j - 3*j + 2 = 0. Let s be n(j). Calculate f(s).
7
Let z(a) = a**2 + 1. Let f(h) = h**3 - 12*h**2 - 9*h - 2. Let v(x) = f(x) + 6*z(x). Determine v(7).
-10
Suppose 5*z = -5*z - 27*z. Let n(a) = 7*a - 7. Let r(y) = 13*y - 14. Let d(o) = -11*n(o) + 6*r(o). Give d(z).
-7
Let q(s) = 25 + s**2 - 8*s - 30 - 2*s**2. What is q(-5)?
10
Let z(w) = 3*w + 54. Let y be z(-18). Let s(q) be the first derivative of y*q**2 + q - 1/3*q**3 + 1/2*q**4 + 1. What is s(-1)?
-2
Let n(y) be the first derivative of y**4/4 - 4*y**3/3 - 7*y + 3. Give n(5).
18
Let d(k) = -k**2 + 6*k - 6. Let o be d(4). Suppose 5*i = -15, 3*i - 23 = -o*r - 2*r. Let u = 10 - r. Let g(n) = n**2 - 1. What is g(u)?
3
Suppose -2*x + 8 = -4*x. Let o be (-2 - x/1)*1. Let l(g) = -2*g + 2*g**o - 7*g**2 - 1 + g. Calculate l(-1).
-5
Suppose -3*p = 4*d - 29, -p - 2*p = -3*d + 6. Let u = -5 + p. Let y(w) = -w**3 - 3*w**2 - 2*w + 2. Give y(u).
2
Let u(s) = 3*s**3 - 3*s**2 - s + 10. Let w(l) = l**3 - 2*l**2 + 5. Let o(k) = 2*u(k) - 5*w(k). Give o(-4).
3
Let r be -1 + (-2 + 4)*6/4. Let w(m) = m**3 - 2*m**2 + 3*m - 2. Determine w(r).
4
Let v(n) = -2*n + 1. Let i be v(0). Let a be (i/(-1))/(1/(-2)). Let x(q) = q**2 - q - 1. What is x(a)?
1
Let b(f) be the first derivative of 7*f**2/2 + f - 4. Let s = -2 + 1. Give b(s).
-6
Let v(j) = -8*j**3 + j**3 - 6*j**2 + 6*j**3 - j + 1. Give v(-6).
7
Let r(m) = -m**2 + m. Let q(i) = 7*i**2 - 11*i - 3. Let l(a) = q(a) + 6*r(a). Calculate l(5).
-3
Suppose 2*c = 1 + 1. Let d(h) = h + 1. Determine d(c).
2
Let z(s) be the first derivative of 19*s**2/2 + 14. Calculate z(-1).
-19
Let l(b) = b**3 + 4*b**2 - 3. Let k be l(-3). Let q(r) = r**3 - 5*r**2 - 7*r - 2. Determine q(k).
-8
Let s(f) = 3*f**3 - 2. Let n(t) be the second derivative of t**5/5 - 3*t**2/2 - t. Let q(a) = 4*n(a) - 6*s(a). Suppose -15*d = -12*d - 3. What is q(d)?
-2
Let i(r) = r - 2. Let c be i(3). Suppose 11 = 3*p + 2. Let f(y) = -c + 2*y + p - y. Give f(-5).
-3
Let z = -24 + 26. Let f(l) be the third derivative of 0 + 0*l + l**2 + 1/12*l**4 + 1/3*l**3 - 1/30*l**5. Determine f(z).
-2
Suppose 0 = j - 10 - 2. Suppose j = -2*u - 5*w, -u - 3*w + 24 = -8*w. Suppose 4 = -u*a + 2*q + 3*q, 5*q - 36 = -4*a. Let m(n) = n + 2. Determine m(a).
6
Suppose 4*t - 28 - 3 = -5*d, -d - 1 = -t. Let z(x) = 5 - 5 + x**2 - 3*x - 2. Calculate z(t).
2
Let i(x) = -x. Let l be i(1). Let v(u) be the first derivative of 7*u**2/2 + 1. Give v(l).
-7
Let r be ((-1)/(-2))/(0 - (-2)/(-4)). Let c(z) = -7*z + 1. What is c(r)?
8
Let u(b) = -4*b**2 - 3*b. Suppose 3*g + 9 = 4*g. Let n = g + -7. Let r be n/(2/(-2 - 0)). Determine u(r).
-10
Let s be 1/2 - (-3)/2. Let a(q) = q - 3*q**2 + 0*q**s - q**3 + 2*q**2. Give a(-2).
2
Let t(u) = -11*u**3 - 2*u - 1. Let c(k) = 2*k - 23. Let b be c(11). What is t(b)?
12
Let n(q) = -q**2 - 5*q**2 + 5*q**2 + 4 - 6*q. Calculate n(-5).
9
Suppose 3*k - 69 = -0*b - 4*b, 4*k - 42 = -2*b. Suppose -5*h - 5 + b = 0. Let y(c) = 6 - 5*c - 5 + 3 + c**h. Determine y(5).
4
Let o be 5 - 1 - (11 + -1). Let h(a) = a**2 + 6*a - 7. What is h(o)?
-7
Let q(o) = o + 1. Suppose -6*a + 2*a = k - 2, a = 5*k - 10. What is q(a)?
1
Suppose 0 = 3*q - q - 4*u + 26, -4*q + u - 24 = 0. Let h(t) = -t**3 - 4*t**2 + 4*t. Calculate h(q).
5
Let t(y) = -y**2 + 2*y + 1. Suppose 3*z + h - 23 = -2*z, 2*z = h + 12. Let b(v) = v**2 - 7*v + 7. Let i be b(z). Let n = i + 2. What is t(n)?
-2
Let g(y) = -y**2 + 6*y - 6. Let c = -7 + 7. Suppose 4*s = -c*s + 16. Give g(s).
2
Suppose -2*i + 6 = -3*o - 6*i, 2*i = 2*o - 10. Let u(a) = a**3 + 6 + 6*a**2 + 8*a - 2 + 0*a**2 + a**o. Give u(-6).
-8
Suppose v - 3*u + 10 = 0, -2*u + 16 = -0*v + 4*v. Let o(x) = -v*x - 2*x + 4*x + 2*x - 1. What is o(-1)?
-3
Let t(s) = 0 - 13*s**2 - 1 + 12*s**2. Let j(n) = 9 + 5*n + n**2 + 4*n**2 + 0*n. Let x(k) = -j(k) - 4*t(k). Determine x(-4).
-1
Suppose 19*g - 16*g - 21 = 0. Suppose -g*l = -2*l + 15. Let p(t) = -t**3 - t**2 + 5*t + 2. What is p(l)?
5
Let c(w) = 2*w - 6. Let m = -358 - -502. Let o be m/32 + (-1)/(-2). Calculate c(o).
4
Let c(q) = -4*q**2 - 5*q + 1. Let u(r) = -7*r**2 - 10*r + 1. Let x(n) = 5*c(n) - 3*u(n). Calculate x(-2).
-4
Let y(v) = v**2 - 2*v + 3. Let z = 17 - 7. Suppose -8*n = -3*n - z. Give y(n).
3
Let g(r) be the first derivative of r**5/20 + r**4/6 + 2*r**3/3 + r**2 + 9*r + 9. Let y(c) be the first derivative of g(c). What is y(-2)?
-6
Suppose -30 = -17*h + 72. Let s(c) be the first derivative of c**4/4 - 7*c**3/3 + 7*c**2/2 - 4*c - 2. Determine s(h).
2
Let f(g) = 143*g**3 + 4 + 8*g**2 - 142*g**3 + 3*g + g + 3*g. What is f(-7)?
4
Let i(n) = n + 25. Let d be i(-20). Let k(a) = -a**2 + 6*a - 3. What is k(d)?
2
Let g(t) = -4*t**2 + t + 3. Let d(r) = -4*r**2 + r + 4. Let o = 8 + -5. Let v(b) = o*d(b) - 4*g(b). What is v(-1)?
5
Suppose 2*m - 6 = -m. Suppose -3*f - 20 = -8*f, -3*f + 12 = 3*q. Suppose -m*o + 0 = -2, -a + 2*o + 1 = q. Let p(h) = -h**2 + h + 1. What is p(a)?
-5
Let c(m) = m. Let x be -11 - 9/6*-2. Let t be x + 10 - (-1 - -5). What is c(t)?
-2
Let v = 10 - 6. Let g(l) be the third derivative of 0*l + 5/24*l**v + 0 - 1/3*l**3 - 2*l**2 + 1/60*l**5. Give g(-5).
-2
Suppose 0 = 2*m - 3*v + 5*v - 4, 1 = 5*m - 4*v. Let f(a) = -a**2 - 3*a. Let h = 0 + -2. Let b(y) = y**2 - y. Let r(o) = h*f(o) + 6*b(o). What is r(m)?
8
Suppose -1 - 14 = 3*j. Let k be -1*j*(0 - 1). Let r(u) = u**2 + 4*u - 6. Determine r(k).
-1
Suppose 2*z + 12 = 6*z. Suppose z*j - 2*y - 2*y - 13 = 0, 0 = 4*j + 3*y + 16. Let q(w) = -1. Let a(k) = -k**2 - k - 6. Let h(x) = -a(x) + 6*q(x). Give h(j).
0
Suppose 0 = 5*l + 3*r + 7, 4*l - 2*l + 4*r = 0. Let y(x) = -x - 2. Let z be y(l). Let h(p) = -p**3 - p + 2. Calculate h(z).
2
Suppose 3*m = 6 + 6. Let n(j) = -2*j - m*j + j**3 - 4*j**2 + 2*j + 5*j**2. Give n(-3).
-6
Suppose -2*o + 27 = 7*o. Let s(m) be the second derivative of -1/12*m**4 + 3*m + 0 - 5/2*m**2 + 0*m**o. What is s(0)?
-5
Let f(n) = -n**3 - 3*n**2 + 2*n. Suppose 5*t - 15 = -5*x, 0 = 2*x - 2*t - 18 + 4. Suppose -2*p + 5 = -x. Suppose 0 = -10*o + p*o - 20. What is f(o)?
8
Let b(u) = u**3 - 5*u**2 + 6*u - 3. Suppose -5*g + 0*g = -25. Suppose 2*t - 4*i = 0, 3*t - t + g*i = 9. Let m be 6/((-1)/(t/(-3))). Give b(m).
5
Let a(q) be the third derivative of -q**6/120 - q**5/12 + q**4/24 + q**3/2 + q**2. Let o be (-10)/4*6/3. Give a(o).
-2
Let l(b) be the second derivative of 0*b**2 + 1/2*b**3 + 0 + 1/12*b**4 - 2*b. Calculate l(-3).
0
Suppos